st common factor of 105 and 665.
35
Calculate the greatest common factor of 85 and 26826.
17
Calculate the highest common divisor of 17000 and 1224.
136
Calculate the highest common divisor of 3420 and 243.
9
Calculate the greatest common factor of 200448 and 87000.
696
Calculate the greatest common divisor of 2 and 13309.
1
What is the highest common divisor of 2432 and 35568?
304
What is the greatest common factor of 124 and 35836?
124
What is the greatest common factor of 912 and 9648?
48
Calculate the highest common divisor of 5104 and 34771.
319
Calculate the highest common factor of 5040 and 11480.
280
Calculate the greatest common factor of 406580 and 5365.
145
Calculate the greatest common factor of 4068 and 2268.
36
Calculate the highest common factor of 222 and 712694.
74
What is the greatest common factor of 1099 and 1413?
157
What is the greatest common divisor of 866 and 345967?
433
What is the highest common factor of 56 and 16107?
7
Calculate the highest common divisor of 45857 and 224.
7
Calculate the highest common factor of 44942 and 322.
46
Calculate the highest common divisor of 980 and 7168.
28
What is the highest common divisor of 112 and 56532?
28
What is the highest common divisor of 1233 and 39?
3
Calculate the highest common divisor of 1720 and 140.
20
What is the highest common divisor of 1556 and 14928264?
1556
Calculate the greatest common factor of 171315 and 11340.
405
What is the greatest common factor of 3251880 and 27?
27
What is the highest common factor of 242704 and 132?
44
What is the highest common divisor of 55572 and 858?
66
Calculate the greatest common divisor of 36 and 2126.
2
What is the greatest common factor of 200398 and 66?
22
Calculate the greatest common factor of 715286 and 2132.
1066
What is the highest common factor of 8805768 and 48?
24
What is the highest common divisor of 108609 and 615?
123
Calculate the highest common factor of 4466618 and 13.
13
What is the greatest common factor of 132 and 30804?
12
What is the greatest common divisor of 43510 and 1178?
38
What is the highest common divisor of 1320 and 71885?
55
What is the highest common divisor of 1457 and 141?
47
Calculate the greatest common divisor of 3131298 and 612.
306
What is the highest common divisor of 10 and 1490?
10
What is the greatest common factor of 15012954 and 61?
61
What is the greatest common divisor of 278999 and 21?
7
Calculate the highest common divisor of 2259528 and 1240.
248
Calculate the highest common factor of 29 and 97411.
29
What is the greatest common divisor of 1065 and 4155?
15
Calculate the greatest common factor of 105 and 12292.
7
What is the highest common factor of 945 and 3092985?
945
Calculate the highest common divisor of 121983 and 1533.
219
What is the greatest common divisor of 153867 and 102?
51
What is the greatest common divisor of 1264 and 7347?
79
Calculate the highest common divisor of 240000 and 60.
60
What is the highest common factor of 191925 and 45?
45
Calculate the greatest common divisor of 14 and 8736938.
14
Calculate the highest common factor of 1450 and 928.
58
Calculate the highest common factor of 532623 and 390.
39
Calculate the highest common factor of 3434847 and 29.
29
What is the highest common divisor of 165445 and 163?
163
Calculate the greatest common factor of 356 and 1670975.
89
What is the highest common divisor of 293852 and 52?
52
Calculate the greatest common divisor of 408 and 796569.
51
What is the highest common factor of 15375 and 123?
123
What is the greatest common factor of 17264 and 25232?
1328
What is the highest common factor of 632 and 352972?
316
Calculate the greatest common factor of 426547 and 187.
187
What is the greatest common factor of 4500 and 50580?
180
Calculate the greatest common divisor of 57431 and 22927.
227
Calculate the highest common factor of 144191 and 76.
19
What is the greatest common divisor of 6 and 1293843?
3
What is the greatest common factor of 91 and 5135?
13
What is the greatest common divisor of 1035 and 3420?
45
Calculate the highest common factor of 1518 and 34638.
138
What is the highest common divisor of 369 and 2331?
9
What is the highest common factor of 18445 and 1004955?
595
Calculate the greatest common divisor of 4 and 46834.
2
Calculate the highest common divisor of 1374510 and 45.
15
Calculate the highest common divisor of 85 and 8449.
17
Calculate the greatest common divisor of 65 and 70369.
13
Calculate the highest common divisor of 3674 and 550.
22
What is the highest common factor of 84 and 373548?
84
What is the greatest common factor of 40 and 94370?
10
Calculate the highest common divisor of 102 and 41556.
6
Calculate the highest common divisor of 30100 and 152908.
1204
What is the highest common factor of 567 and 53784?
81
Calculate the greatest common factor of 42885 and 60.
15
Calculate the highest common divisor of 436 and 1965815.
109
Calculate the greatest common factor of 4752 and 4257.
99
Calculate the greatest common factor of 10255 and 140.
35
Calculate the greatest common factor of 255584 and 42.
14
Calculate the highest common factor of 10705 and 90.
5
What is the highest common factor of 292 and 162116?
4
What is the greatest common divisor of 2024 and 1001?
11
Calculate the greatest common divisor of 16 and 98920.
8
Calculate the highest common factor of 1738 and 6974.
22
Calculate the greatest common factor of 230 and 2938618.
46
Calculate the greatest common factor of 1176 and 67767.
147
Calculate the highest common divisor of 972580 and 40.
20
What is the highest common factor of 363 and 37686?
33
What is the highest common divisor of 11380 and 500?
20
Calculate the greatest common factor of 615 and 100450.
205
Calculate the greatest common divisor of 916 and 2108632.
916
Calculate the greatest common divisor of 198 and 60822.
18
What is the highest common factor of 2302201 and 1606?
803
Calculate the highest common divisor of 429 and 2431.
143
What is the highest common factor of 2859839 and 6548?
1637
Calculate the greatest common divisor of 3098 and 4.
2
Calculate the greatest common factor of 624 and 102.
6
What is the highest common factor of 3053 and 1988?
71
What is the greatest common factor of 87264 and 3888?
432
What is the highest common factor of 1656857 and 38?
19
Calculate the highest common factor of 25050 and 5344.
334
Calculate the highest common factor of 9475 and 26909.
379
Calculate the greatest common divisor of 5742 and 4356.
198
What is the greatest common divisor of 2790 and 10620?
90
Calculate the greatest common divisor of 2951978 and 1162.
166
What is the greatest common divisor of 13716 and 6?
6
What is the greatest common divisor of 3164 and 196?
28
What is the greatest common factor of 1102 and 174?
58
What is the greatest common divisor of 649036 and 2532?
844
Calculate the greatest common divisor of 417 and 2127.
3
What is the greatest common divisor of 3 and 20538?
3
Calculate the highest common factor of 4828622 and 31.
31
What is the greatest common factor of 500 and 28144?
4
What is the highest common factor of 12529 and 119867?
187
What is the greatest common divisor of 82664 and 16?
8
Calculate the highest common divisor of 3180 and 300404.
212
What is the highest common factor of 324 and 2996352?
324
What is the highest common factor of 1391625 and 2250?
1125
Calculate the greatest common divisor of 70 and 4010.
10
What is the greatest common factor of 170 and 1449556?
34
What is the greatest common divisor of 1935 and 296915?
215
Calculate the highest common divisor of 76 and 594339.
19
What is the highest common divisor of 196686 and 84?
42
Calculate the highest common factor of 225 and 569385.
45
Calculate the highest common divisor of 112 and 1561328.
16
What is the greatest common factor of 2681 and 7231?
7
What is the greatest common divisor of 67881 and 51?
51
What is the greatest common divisor of 177669 and 1881?
171
Calculate the highest common factor of 1920 and 54840.
120
What is the highest common divisor of 7769 and 2312?
17
What is the highest common divisor of 1415 and 618921?
283
Calculate the greatest common factor of 4884 and 18204.
444
Calculate the highest common divisor of 9116 and 430.
86
Calculate the greatest co